/20*(-134960)/84.
2, 23, 241
Let b(w) = 361*w**3 + 13*w**2 - 147*w - 8. What are the prime factors of b(5)?
13, 19, 181
Let a(r) = 5*r**2 - 2*r - 7. Let f be 206/(-14) - (5 - (-99)/(-21)). Let l be ((66/15)/11)/((-1)/f). List the prime factors of a(l).
7, 23
Suppose -340*r + 7952607 = -4209796 - 8601397. List the prime factors of r.
2, 5, 31, 197
Let x = -42 - -47. Suppose -l + 5*v = -x*l - 7, 2*l = 3*v + 13. List the prime factors of (l - -1)/((-2)/(-60)).
2, 3, 5
Let c = 1196 - 165. Let z = c - 552. List the prime factors of z.
479
List the prime factors of (-2 + 8 - -7744) + (-12)/3.
2, 3, 1291
Let f = 9254 + -13211. What are the prime factors of 4/(-4 + (-15840)/f)?
1319
Suppose 133510 + 802937 = 106*j - 453425. List the prime factors of j.
2, 11, 149
Suppose 21450 = v - 12*v. Let l = v + 2846. What are the prime factors of l?
2, 7
Let i = 21 + -18. Suppose 3*q + y - 2 = 0, 0 = -y + i*y + 8. Suppose h = q*h - 10. List the prime factors of h.
2, 5
Suppose -o - 2*o + 4*u - 4856 = 0, -1640 = o + 4*u. List the prime factors of o/(-12) + (-20)/15.
2, 67
Suppose -114 = 5*i - 43*i. Suppose r - 1039 = -i*f, 2*f + 3*f = 3*r + 1755. List the prime factors of f.
2, 3, 29
What are the prime factors of 16513/(5/(-30) - (-32)/64)?
3, 7, 337
Suppose h + 152*w - 154*w - 46778 = 0, 3*h + 2*w - 140358 = 0. What are the prime factors of h?
2, 17, 43
Let h = -10626 - -5403. List the prime factors of 27/(-54) + h/6*-1.
2, 3, 5, 29
Let u(n) be the first derivative of -n**4/4 + 2*n**3 + 5*n**2/2 + n + 29. List the prime factors of u(5).
3, 17
Let l = -399 + 397. List the prime factors of 4 + (-4 - l) - (-497 + -19).
2, 7, 37
Suppose 4*p - 3*x - 8517 - 11558 = 0, -p + 5013 = 5*x. List the prime factors of p.
2, 13, 193
Suppose -4*m + 20384 = 150*p - 151*p, -3*m + 4*p + 15275 = 0. What are the prime factors of m?
3, 1699
Let l(g) = 2*g**3 + 81*g**2 - 129*g - 72. What are the prime factors of l(-41)?
2, 13, 17
Let y(i) = -13*i - i**2 + 4*i**2 + 5 + 15 - 2*i**2. What are the prime factors of y(18)?
2, 5, 11
Let r = -28636 - -54040. What are the prime factors of r?
2, 3, 29, 73
Suppose -72*l - 737814 = 71*l - 157*l. What are the prime factors of l?
3, 11, 1597
Let k = 262 - 260. Suppose 85 = a + 2*x, k = 5*x - 4*x. What are the prime factors of a?
3
Let n(g) = -64*g**3 + 2*g**2 - 2*g - 11. Let j(t) = 32*t**3 - t**2 + t + 5. Let m(k) = 9*j(k) + 4*n(k). What are the prime factors of m(2)?
3, 5, 17
Let k = -21137 + 36780. What are the prime factors of k?
15643
Suppose 2*v + 39256 = 5*q, -2*q = -4*v + 3704 - 19416. Suppose -1 = 3*f - 16, -4*m = -2*f - q. What are the prime factors of m?
3, 5, 131
Suppose 3*m - 222137 = -20*x, 15*m - 19*m + 22210 = 2*x. What are the prime factors of x?
29, 383
Let r = -182 - -190. What are the prime factors of 772 + 0 + (-40)/r?
13, 59
Let z = -16304 + 23857. What are the prime factors of z?
7, 13, 83
Let t = 12 - 8. Let u(y) = 29*y - 19. Let v be u(10). Suppose 2*h - 153 = -5*g, -t*h + v = 3*g - 0*g. List the prime factors of h.
2
Let x(f) = -2*f**2 + 352*f + 138. List the prime factors of x(113).
2, 3, 599
Suppose -10 = -h - 8. Suppose -2*t + k = -328, -2*t + 3*k = -h*k - 320. What are the prime factors of t?
3, 5, 11
Let u be -8970*1*(55/(-22))/(-5). List the prime factors of 8/(-56) + u/(-35).
2
Let r be (-1)/((-9)/(-27120))*27/(-6). Suppose 0 = 1092*f - 1100*f + r. List the prime factors of f.
3, 5, 113
Let m(t) be the second derivative of -t**5/20 - 11*t**4/12 - 10*t**3/3 - 9*t**2/2 - 107*t + 2. Suppose 0 = 3*i - 2*i + 9. List the prime factors of m(i).
3
Let n = 22927 - 16020. What are the prime factors of n?
6907
Let g = -9850 - -15431. What are the prime factors of g?
5581
Let o(j) = 9*j + 67. Let l be o(-7). Let t be ((-2)/l)/(474/96 - 5). Suppose -10*x + t*x = -504. List the prime factors of x.
2, 3, 7
Suppose 5*d = 4*r - 511, 0*r + 258 = 2*r - 2*d. Suppose 0 = 4*w + 3*o - r, 5*w + 2*o + 55 - 226 = 0. List the prime factors of 7/w - (-1738)/10.
2, 3, 29
Suppose 8*k = -4*l + 37348, 4*k = -58*l + 62*l - 37420. What are the prime factors of l?
9349
Suppose 3*p + 2*p - 4*n + 26 = 0, -n = -p - 5. Let w be (1*p/(-9))/(4/786). Suppose -q - y = -5*y - w, -y + 151 = q. List the prime factors of q.
3, 7
Let s(k) = 334*k**2 + 2*k + 7. What are the prime factors of s(-1)?
3, 113
Let w = -89 + 93. Suppose z + n = -4*n + 716, -4*z = -w*n - 2888. List the prime factors of z.
7, 103
Let z(c) = -9*c**2 + 11*c - 29. Let v be z(7). Let r = 641 + v. List the prime factors of r.
2, 31
Let d(u) = 2*u**2 - 9*u + 18. Let l be d(3). Suppose 6*f = l*f - 654. Suppose -p + 2*p = f. List the prime factors of p.
2, 109
Let k(p) = -498*p - 3781. What are the prime factors of k(-91)?
73, 569
Suppose 4*i - 8896 = 2*o, -4*i + 3*o = 5*o - 8912. Suppose -277*g = -283*g + i. List the prime factors of g.
7, 53
Let l(x) = x**3 - 15*x**2 - 7*x + 26. Let m be l(18). Suppose 5*u - 3*z - 73 = m, 0 = 3*z - 15. List the prime factors of u.
2, 3
Suppose 3*h = 11 - 2. Suppose 3*j - 40 = -o, j + h*o - 16 = -8. List the prime factors of j.
2, 7
Let o = -611 + 1266. Let h = o + -329. What are the prime factors of h?
2, 163
Suppose -30*n + 2*i = -26*n - 49278, 3*i + 12312 = n. List the prime factors of n.
3, 37
Suppose 2*m + 0*s + 5*s = 17968, 3*m - 3*s = 26910. List the prime factors of m.
2, 7, 641
Let p = 24384 + -9511. What are the prime factors of p?
107, 139
What are the prime factors of (113854/(-755))/(2/(-230))?
2, 13, 23, 29
Let x = 79 + -66. Suppose -2*m - 1045 = -x*m. What are the prime factors of m?
5, 19
Let i(v) = -v + 6. Suppose 5*s + 5*p = 175, -3*p - 2*p = -4*s + 95. Let k be s/(-7) - 16/(-56). List the prime factors of i(k).
2, 5
Let q(m) = -2334*m - 340. What are the prime factors of q(-2)?
2, 541
Let y = -1128 + 3276. List the prime factors of y.
2, 3, 179
Let t = -58 - -213. Let j = t + 49. List the prime factors of j.
2, 3, 17
Suppose -4*i + 28323 = 5*c - 2867, -31174 = -4*i + 3*c. What are the prime factors of i?
5, 1559
Let d = 58 + -29. Let q(j) = d*j - 27 - 54*j - 13. List the prime factors of q(-5).
5, 17
Suppose -816*y + 2816168 + 6393208 = 0. What are the prime factors of y?
2, 3, 11, 19
Suppose 10216 + 11012 = 4*t. Suppose 29*v - 15805 + t = 0. List the prime factors of v.
2, 181
Suppose 1 = -2*z - 2*p - 1, 4*z = 2*p + 2. Let d(m) = -m**3 + 2*m + 490. Let s be d(z). Suppose -2*l + s = 4. What are the prime factors of l?
3
Suppose 7*i + 4*q = 2*i + 138, -4*q = -8. Suppose 302 = b + i. Suppose -4*p = -b - 308. What are the prime factors of p?
2, 73
Let v = -47 + 56. Suppose 17 = 5*g - 3. What are the prime factors of (246/v + g)/(4/6)?
47
Let j = -399 - -401. Suppose 5*q + 3*t - 549 = 3*q, 0 = j*q + 4*t - 544. List the prime factors of q.
2, 3, 47
Suppose 3*o + 5*i - 4297 = 0, 126 - 7293 = -5*o - 3*i. Suppose 4*q - o = 1562. List the prime factors of q.
7, 107
What are the prime factors of ((-1)/(-6))/1 - ((-1023341)/(-6))/(-31)?
2, 3, 7, 131
Let y be (-5 - 7)/(4 - (-348)/(-88)). Suppose f - 3 = 0, -b - 2*b + 1170 = -3*f. Let w = y + b. List the prime factors of w.
3, 43
Let o(f) be the second derivative of -1/4*f**4 - 3/20*f**5 + 7/2*f**2 - 21*f - 1/6*f**3 + 0. List the prime factors of o(-4).
5, 31
Let a(z) = 13*z**2 + 13*z + 39. Let y be a(-17). Suppose -82*l + 87*l - y = 0. Suppose -2*b = 3*b - l. What are the prime factors of b?
11, 13
Let f = 4910 + 25871. List the prime factors of f.
30781
Let w = 20 + -17. Suppose 0*g = w*g - 12. Suppose 3*c = -4*t + 216, -c + 392 = 4*c - g*t. What are the prime factors of c?
2, 19
List the prime factors of (-4)/(-28) + 24378/119.
5, 41
Let t = 84097 - 27047. What are the prime factors of t?
2, 5, 7, 163
Let l(g) = 133*g**3 - 10*g**2 + 33*g + 4. List the prime factors of l(4).
2, 1061
Let y(b) = 42*b + 1. Let r be (-2 - 1)/(((-136)/(-24))/(-17)). What are the prime factors of y(r)?
379
List the prime factors of (-1 - -15) + 13980 + 36.
2, 5, 23, 61
Let u(h) = 57*h - 17. Let m = 62 - 49. List the prime factors of u(m).
2, 181
Let l = -40807 - -77482. What are the prime factors of l?
3, 5, 163
Suppose -b + 6 = 2. Let i(h) be the third derivative of h**6/120 - h**5/20 + 5*h**4/24 + 7*h**3/6 - 1458*h**2. What are the prime factors of i(b)?
43
Let b = 20159 - -16011. List the prime factors of b.
2, 5, 3617
L